
-1132202
In base 3, what is 11 + 101221011?
101221022
In base 16, what is -1d9 - a8?
-281
In base 4, what is -2010203 - -13000?
-1331203
In base 2, what is -1110100110101 + 110100?
-1110100000001
In base 4, what is 2200 + 12312?
21112
In base 13, what is 40 - -787?
7c7
In base 3, what is 21001 - 2121?
11110
In base 15, what is 8a - -5e?
e9
In base 6, what is 3355501 + -15?
3355442
In base 11, what is -4461 + -151?
-4602
In base 9, what is 5 + -125648?
-125643
In base 7, what is 5 - 33660?
-33652
In base 5, what is -2 - 10003423?
-10003430
In base 8, what is 237206 - 0?
237206
In base 15, what is -2 + -c8971?
-c8973
In base 15, what is -1d4 + e9?
-da
In base 6, what is 2024523 + 2?
2024525
In base 16, what is 791 - -454?
be5
In base 11, what is 1372 - 28a0?
-1529
In base 5, what is 11242134 + 0?
11242134
In base 15, what is -54 + -12ac?
-1311
In base 5, what is 3 - -11312303?
11312311
In base 11, what is 2389a - 4?
23896
In base 13, what is 5c34 - -5?
5c39
In base 11, what is 82207 - 2?
82205
In base 12, what is -b51 - 830?
-1781
In base 14, what is -5097 - 0?
-5097
In base 16, what is -137 - -3855?
371e
In base 14, what is 1 + -7d4a3?
-7d4a2
In base 15, what is 4 + 5366?
536a
In base 5, what is -401043 - 121?
-401214
In base 2, what is 1110000010100 - -10?
1110000010110
In base 16, what is 6e2 - -268?
94a
In base 9, what is 101 - 58450?
-58348
In base 4, what is 0 + -202303110?
-202303110
In base 14, what is 0 + 831a?
831a
In base 13, what is -122b6 + 1?
-122b5
In base 4, what is -22310330 - -312?
-22310012
In base 10, what is 48 + 160?
208
In base 15, what is 2 - c84a6?
-c84a4
In base 3, what is -10 - 1110211221?
-1110212001
In base 11, what is -3 + -24390?
-24393
In base 13, what is -184 + 3a?
-147
In base 13, what is 3 + 3561b?
35621
In base 4, what is -10 + 323020232?
323020222
In base 12, what is a2b1 + -6b?
a242
In base 4, what is -20122 + -100221?
-121003
In base 11, what is -373 - -2?
-371
In base 14, what is -c9 + 188?
9d
In base 5, what is -4211 - 1001?
-10212
In base 5, what is 3333022 + 101?
3333123
In base 13, what is 6c00 + 52?
6c52
In base 5, what is -3 + 11033000?
11032442
In base 7, what is 1252 + 4?
1256
In base 9, what is -2528 + -53?
-2582
In base 16, what is 2 - -4d7ba?
4d7bc
In base 4, what is -221210 - -113?
-221031
In base 7, what is 221 - -124626?
125150
In base 12, what is 1 - -a001?
a002
In base 14, what is 5 + -54456?
-54451
In base 6, what is -22 + -30515?
-30541
In base 14, what is -2 + -a676a?
-a676c
In base 16, what is 5b1 + e3?
694
In base 15, what is -18c0 + -6?
-18c6
In base 10, what is 215 + 1?
216
In base 4, what is -212221 + -2130?
-221011
In base 6, what is 1243 - -1410?
3053
In base 8, what is 0 - -35?
35
In base 10, what is 3 + 836382?
836385
In base 3, what is 2112110221 - -11?
2112111002
In base 3, what is -1 + -1022210?
-1022211
In base 4, what is -121231 + -22?
-121313
In base 5, what is -3 + 2000201?
2000143
In base 5, what is -3 - -131434202?
131434144
In base 9, what is -13 + 551521?
551507
In base 13, what is -5282 - 21?
-52a3
In base 3, what is -122 - 12022011002?
-12022011201
In base 12, what is -11819 - -b?
-1180a
In base 12, what is 6869 + -156?
6713
In base 15, what is 28364 + 5?
28369
In base 8, what is 14712 + -13?
14677
In base 13, what is -7 - cc2?
-cc9
In base 3, what is -2 - 21010211?
-21010220
In base 10, what is 2781 + -22?
2759
In base 8, what is 3163 + -14?
3147
In base 7, what is -100122 + -22?
-100144
In base 7, what is -2 + -3506031?
-3506033
In base 5, what is -122141114 - 10?
-122141124
In base 6, what is 331 + -312014?
-311243
In base 12, what is -174 + 238?
84
In base 12, what is -1a8320 + -5?
-1a8325
In base 8, what is 134613 - 10?
134603
In base 16, what is 8d1a - -b4?
8dce
In base 15, what is b - 32b5?
-32a9
In base 10, what is 1 + 4709?
4710
In base 13, what is 2462aa + 3?
2462b0
In base 16, what is 167 - -17?
17e
In base 13, what is 13b9 - -176?
1562
In base 14, what is -1a317 - 0?
-1a317
In base 9, what is -36637 - -1?
-36636
In base 11, what is -37a8 - -101?
-36a7
In base 13, what is 5 + -1c91?
-1c89
In base 13, what is b - -5712?
5720
In base 5, what is 3101314120 - 4?
3101314111
In base 12, what is -8350 - -3?
-8349
In base 8, what is -14 - 2616?
-2632
In base 9, what is -5 - 6805?
-6811
In base 6, what is -433404 - -5?
-433355
In base 12, what is -57 - -22b43?
22aa8
In base 7, what is 1542 + -1505?
34
In base 13, what is 7 + -b4a9?
-b4a2
In base 9, what is 23 - 1201?
-1167
In base 12, what is 584ba9 + -1?
584ba8
In base 4, what is -3 + -203101203?
-203101212
In base 3, what is 20012010 - 11002?
20001001
In base 14, what is 2 - -5071?
5073
In base 7, what is 10 + -40433?
-40423
In base 2, what is -100001110111010 + -1000?
-100001111000010
In base 13, what is -99a4 - 8?
-99ac
In base 2, what is -11101111111101110010 + -101?
-11101111111101110111
In base 13, what is b + 2771?
277c
In base 3, what is -21002202 + -1200?
-21011102
In base 3, what is 22101 + -1021021?
-221220
In base 16, what is -133e + -75?
-13b3
In base 2, what is 11 - -10011001111101?
10011010000000
In base 16, what is -cde3 - 4?
-cde7
In base 9, what is 23 - -2547?
2571
In base 11, what is 5 + -2218?
-2213
In base 10, what is -147475 - -5?
-147470
In base 8, what is -1 + -3066347?
-3066350
In base 11, what is 63 - -1a26?
1a89
In base 8, what is 14 - 24330?
-24314
In base 14, what is 1 - 11d69c?
-11d69b
In base 7, what is 0 - 2653614?
-2653614
In base 14, what is -11b41 - -b?
-11b34
In base 5, what is 1414423 + 4?
1414432
In base 8, what is -2020 - -256?
-1542
In base 8, what is -140 - 5105?
-5245
In base 4, what is -1022 - 2110311?
-2111333
In base 11, what is 7 - 453066?
-45305a
In base 9, what is 17403 - 48?
17344
In base 5, what is 10433233 + -10?
10433223
In base 14, what is 4 + -21c7?
-21c3
In base 2, what is 110011110110100100001 - 10?
110011110110100011111
In base 3, what is -100 + 21120212?
21120112
In base 6, what is -3054244 - -1?
-3054243
In base 2, what is 110011011110011011 + -10?
110011011110011001
In base 3, what is 21 + -21202211?
-21202120
In base 2, what is -1001 + 110111111110?
110111110101
In base 12, what is -11 - -3a975?
3a964
In base 5, what is 2420330 - 0?
2420330
In base 9, what is 4 - 154861?
-154856
In base 8, what is -174 + 124?
-50
In base 5, what is 400214 + 24?
400243
In base 13, what is 5 + 664c?
6654
In base 10, what is -4 - 2976?
-2980
In base 5, what is 1242033 + 43?
1242131
In base 4, what is -2 - -122100?
122032
In base 16, what is 74d - -2e?
77b
In base 15, what is -b35 - 30?
-b65
In base 4, what is 2000 - 10223?
-2223
In base 6, what is 1 + 105412343?
105412344
In base 14, what is -1 + 4b72?
4b71
In base 5, what is -1013 - -2143424?
2142411
In base 2, what is -1011 + -1101101010001111?
-1101101010011010
In base 5, what is -241 - 34343?
-40134
In base 8, what is 14 + 10653?
10667
In base 16, what is -1579d + -f?
-157ac
In base 13, what is 21b9 - -7?
21c3
In base 11, what is 151 + -7209?
-7068
In base 5, what is 10 + -10211123?
-10211113
In base 13, what is -4 - -13688?
13684
In base 4, what is 20 - -1033213?
1033233
In base 7, what is 520 - 1?
516
In base 13, what is -77362 + 2?
-77360
In base 5, what is 242 + 11024?
11321
In base 8, what is -2 + -56505?
-56507
In base 6, what is 1 - -4450?
4451
In base 9, what is -74173 + -1?
-74174
In base 4, what is -2 - -2300132?
2300130
In base 12, what is -a1 + -1b71a?
-1b7bb
In base 15, what is -1d - 201?
-21e
In base 6, what is 415533 - 304?
415225
In base 3, what is -2012012 - -12110?
-1222202
In base 4, what is 32302200 - -12?
32302212
In base 11, what is 5 + -2239a2?
-223998
In base 9, what is -1141 + 2?
-1138
In base 7, what is 5 - 34122?
-34114
In base 10, what is -9 - -5193?
5184
In base 4, what is -1031002 + -10?
-1031012
In base 4, what is 10013 + -21?
3332
In base 14, what is 3bd4 + -1?
3bd3
In base 10, what is -4 + -11371?
-11375
In base 5, what is -110410 - 141?
-111101
In base 14, what is -42 + 909?
8a7
In base 5, what is 10 + 2323?
2333
In base 5, what is 4 + 222022?
222031
In base 2, what is 1 + -100110100101000?
-100110100100111
In base 15, what is -56649 + 0?
-56649
In base 13, what is 267c8 + 5?
26800
In base 12, what is 5b13 + 9?
5b20
In base 16, what is 4f + af8?
b47
In base 7, what is -1001133 + 